e
Is 17499 a multiple of 2?
False
Is 13827870 a multiple of 18?
True
Is 323 a factor of 4852832?
False
Does 3 divide 81075?
True
Is 1108960 even?
True
Does 374 divide 1015784?
True
Does 24 divide 8319552?
True
Is 647 a factor of 854659?
False
Is 126846 a multiple of 27?
True
Is 2762690 a multiple of 14?
True
Is 645911 a multiple of 6?
False
Is 22117 a multiple of 5?
False
Is 379906 a multiple of 41?
True
Is 874667 a multiple of 257?
False
Does 87 divide 39672?
True
Does 9 divide 1746?
True
Does 74 divide 1725384?
True
Is 10 a factor of 407410?
True
Does 33 divide 857835?
True
Does 1176 divide 1419432?
True
Is 195997 a multiple of 563?
False
Is 1215965 a multiple of 785?
True
Does 12 divide 264048?
True
Does 50 divide 1200?
True
Is 16 a factor of 3003520?
True
Is 12 a factor of 132426?
False
Is 75 a factor of 19987?
False
Is 23 a factor of 216200?
True
Does 17 divide 872211?
False
Does 802 divide 18533884?
False
Is 20 a factor of 994360?
True
Is 104 a factor of 318552?
True
Is 417 a factor of 2747606?
False
Is 164 a factor of 263876?
True
Does 10 divide 47110?
True
Does 20 divide 115240?
True
Is 2 a factor of 297179?
False
Is 273 a factor of 1310673?
True
Is 669614 a multiple of 242?
True
Is 1620172 a multiple of 32?
False
Is 10255 a multiple of 5?
True
Is 17393946 a multiple of 28?
False
Is 298839 a multiple of 71?
True
Does 479 divide 1236426?
False
Does 7 divide 176169?
True
Is 525450 a multiple of 113?
True
Is 614172 a multiple of 62?
True
Is 128 a factor of 620114?
False
Is 1592651 a multiple of 283?
False
Is 350 a factor of 877450?
True
Is 316 a factor of 685404?
True
Is 1143938 a multiple of 2?
True
Is 3152610 a multiple of 414?
True
Is 1328472 a multiple of 5?
False
Is 149 a factor of 53349?
False
Is 15 a factor of 1707480?
True
Is 1867834 a multiple of 43?
True
Is 408 a factor of 341904?
True
Is 16 a factor of 241441?
False
Is 52 a factor of 647452?
True
Is 4 a factor of 157641?
False
Does 15 divide 3982347?
False
Is 68 a factor of 2636830?
False
Is 14 a factor of 1020154?
False
Is 227 a factor of 1123563?
False
Does 243 divide 5946402?
False
Is 61 a factor of 774639?
True
Is 46 a factor of 8653106?
True
Is 4693025 a multiple of 11?
False
Does 18 divide 141516?
True
Is 76 a factor of 7043648?
False
Is 15 a factor of 230940?
True
Is 168 a factor of 18964?
False
Does 43 divide 160461?
False
Does 144 divide 29088?
True
Is 394800 a multiple of 35?
True
Is 1218104 even?
True
Is 160914 a multiple of 78?
True
Is 2728089 a multiple of 42?
False
Is 12 a factor of 215608?
False
Does 30 divide 10616?
False
Is 119896 a multiple of 7?
True
Is 219834 a multiple of 18?
True
Is 2998316 a multiple of 53?
True
Is 29 a factor of 1933082?
True
Does 51 divide 45563?
False
Is 477396 a multiple of 166?
False
Is 20 a factor of 318020?
True
Is 220 a factor of 686180?
True
Is 77 a factor of 664036?
False
Is 503100 a multiple of 9?
True
Does 16 divide 1530736?
True
Is 126343 a multiple of 45?
False
Does 4 divide 26351?
False
Is 814 a factor of 1172160?
True
Is 1197532 a multiple of 266?
True
Does 60 divide 43080?
True
Does 78 divide 56963?
False
Is 4920225 a multiple of 25?
True
Is 10 a factor of 1199?
False
Does 47 divide 3442468?
True
Does 5 divide 106320?
True
Is 631371 a multiple of 52?
False
Is 349 a factor of 5304451?
True
Is 2019 a factor of 18811023?
True
Is 1742 a factor of 2456665?
False
Does 41 divide 17525901?
True
Is 17 a factor of 2382737?
True
Does 21 divide 339423?
True
Does 950 divide 9103850?
True
Is 650484 a multiple of 171?
True
Is 193646 a multiple of 10?
False
Is 34946 a multiple of 202?
True
Is 4 a factor of 19998?
False
Is 85645 a multiple of 7?
True
Is 4621510 a multiple of 12?
False
Is 67 a factor of 397164?
False
Does 168 divide 18816?
True
Does 8 divide 10541168?
True
Does 78 divide 176553?
False
Is 3132980 a multiple of 43?
True
Does 223 divide 7788052?
True
Does 17 divide 284822?
False
Does 182 divide 5394116?
True
Is 39 a factor of 396357?
True
Does 123 divide 61105?
False
Is 8 a factor of 5848?
True
Is 199 a factor of 564364?
True
Does 1406 divide 31853158?
False
Is 794 a factor of 3569517?
False
Does 350 divide 552044?
False
Does 21 divide 385245?
True
Is 311140 a multiple of 255?
False
Is 35 a factor of 264590?
False
Is 902733 a multiple of 515?
False
Is 128 a factor of 85563?
False
Is 7 a factor of 15687?
True
Is 183 a factor of 1630405?
False
Is 19 a factor of 219260?
True
Is 6 a factor of 1642457?
False
Does 130 divide 2171412?
False
Is 4 a factor of 93120?
True
Does 76 divide 3870838?
False
Is 594080 a multiple of 15?
False
Does 7 divide 4942085?
False
Is 663156 a multiple of 328?
False
Is 26352416 a multiple of 106?
False
Is 2839086 a multiple of 123?
True
Does 313 divide 4877166?
True
Is 2342155 a multiple of 40?
False
Does 68 divide 1321712?
False
Does 43 divide 507738?
False
Is 73060 a multiple of 34?
False
Does 16 divide 15556432?
True
Does 47 divide 288572?
False
Is 1440972 a multiple of 3?
True
Does 24 divide 720527?
False
Is 205580 a multiple of 2?
True
Is 976140 a multiple of 116?
True
Does 10 divide 494302?
False
Does 423 divide 1510533?
True
Does 3 divide 24033?
True
Is 25 a factor of 12625819?
False
Is 6728083 a multiple of 163?
False
Is 17 a factor of 892942?
True
Is 1607020 a multiple of 380?
True
Is 1035 a factor of 18500625?
True
Does 341 divide 1540153?
False
Is 3161891 a multiple of 881?
False
Is 4242280 a multiple of 278?
True
Is 11 a factor of 614163?
True
Is 626909 a multiple of 31?
False
Does 415 divide 6012935?
True
Does 98 divide 451973?
False
Does 11 divide 150931?
True
Is 80238 a multiple of 86?
True
Does 11 divide 50424?
True
Is 133059 a multiple of 49?
False
Is 900909 a multiple of 391?
False
Is 99 a factor of 1062765?
True
Does 6 divide 800934?
True
Is 366100 a multiple of 100?
True
Is 165 a factor of 77385?
True
Is 1856253 a multiple of 21?
True
Does 136 divide 2309008?
True
Does 8 divide 113408?
True
Is 82012 a multiple of 33?
False
Does 869 divide 666150?
False
Is 1073686 a multiple of 46?
True
Is 13 a factor of 6038334?
False
Is 23736 a multiple of 20?
False
Is 47 a factor of 2549233?
True
Is 27152235 a multiple of 19?
True
Does 23 divide 4693573?
False
Is 50 a factor of 5935549?
False
Does 710 divide 4093860?
True
Does 10 divide 3552580?
True
Does 294 divide 2277582?
False
Is 88 a factor of 15403872?
True
Is 146 a factor of 122932?
True
Is 17 a factor of 328007?
False
Is 893847 a multiple of 9?
False
Does 40 divide 11120?
True
Is 8911800 a multiple of 393?
False
Does 57 divide 1035177?
True
Is 341940 a multiple of 41?
True
Is 11248097 a multiple of 49?
True
Is 692580 a multiple of 51?
True
Is 48 a factor of 3004223?
False
Does 8 divide 9015?
False
Does 57 divide 50950?
False
Is 559 a factor of 1098435?
True
Is 21 a factor of 482391?
True
Is 27 a factor of 182278?
False
Is 33739 a multiple of 4?
False
Is 11 a factor of 2854973?
True
Does 5 divide 582485?
True
Is 52 a factor of 946452?
True
Is 52 a factor of 2329288?
True
Does 12 divide 4501032?
True
Is 126 a factor of 12344328?
False
Is 136 a factor of 844778?
False
Does 22 divide 44615?
False
Does 12 divide 3346043?
False
Does 12 divide 31076916?
True
Does 291 divide 880283?
False
Is 78 a factor of 3530514?
True
Is 13 a factor of 2471114?
False
Is 22 a factor of 249348?
True
Is 1119189 a multiple of 23?
False
Does 142 divide 195676?
True
Is 153 a factor of 322828?
False
Does 3 divide 15920?
False
Does 41 divide 173963?
True
Does 235 divide 19825305?
True
Does 2 divide 11394?
True
Is 676176 a multiple of 3?
True
Does 137 divide 750623?
True
Is 6 a factor of 1068660?
True
Is 4076979 a multiple of 148?
False
Is 469696 a multiple of 656?
True
Is 394 a factor of 4361186?
True
Is 177120 a multiple of 240?
True
Does 19 divide 60800?
True
Is 82 a factor of 748660?
True
Is 21 a factor of 185062?
False
Does 534 divide 1549134?
True
Is 22 a factor of 495989?
False
Is 23 a factor of 30336?
False
Is 28 a factor of 70531?
False
Is 5 a factor of 28028?
False
Is 230 a factor of 3019440?
True
Is 91 a factor of 78715?
True
Is 209539 a multiple of 43?
True
Is 559588 even?
True
Is 2074 a factor of 16956287?
False
Is 40 a factor of 140400?
True
Is 24 a factor of 302088?
True
Does 994 divide 6262200?
True
Is 61 a factor of 129198?
True
Is 1222080 a multiple 